. Let a(i) be the third derivative of t(i). Determine a(11).
-5
Let a(y) be the first derivative of 3*y**2 + 131*y - 11032. What is a(-22)?
-1
Let v(p) = -p**2 + p + 7*p**3 - 6*p**3 + 6 - 11 + 6. Let u(b) = -3*b**3 + 8*b**2 - 7*b - 9. Let d(k) = u(k) + 4*v(k). What is d(-5)?
-15
Let p(z) be the third derivative of 16*z + 3*z**2 + 0 - 1/30*z**5 - 1/3*z**3 + 1/12*z**4. Let y be 0 + (6 - (2 + 2)). What is p(y)?
-6
Let k(i) = -i - 1279 - 2*i**2 - 1267 + 2545. Determine k(-3).
-16
Let f(z) = 70. Let p(b) = -2*b - 185. Let w(s) = 6*f(s) + 2*p(s). What is w(15)?
-10
Let t(h) = h + 13. Suppose -3*d - 10 = -4, 5*d + 10 = p. Let j be t(p). Suppose 18*z = j*z - 10. Let u(v) = -v - 3. Calculate u(z).
-1
Let u = -8 - -115. Suppose -5*w + u = 167. Let p be 0 - (24/20)/(w/40). Let g(s) = -2*s. Determine g(p).
-8
Let w(y) = -y**2 - 12*y - 7. Let f(n) = n - 1. Let v(k) = 3*f(k) + w(k). Let m = 31 + -24. Suppose 3*o - m*o - 32 = 0. Calculate v(o).
-2
Let r = -69 - -71. Suppose -2*o + r*b - 3*b = -1, o + 4*b - 4 = 0. Suppose -2*y - 5*a + 12 = 0, o*a + 4*a + 4 = -5*y. Let t(x) = -2*x - 6. What is t(y)?
2
Let t be (-3 + 2)*5*1. Let o(y) = y**3 + 2*y**2 + 10*y + 7. Let p(w) = -2*w**3 - 3*w**2 - 21*w - 16. Let v(n) = 9*o(n) + 4*p(n). Calculate v(t).
-6
Let b(x) = 24 - 7*x + x + 0*x. Let g(f) = f**2 - 1120*f - 51211. Let u be g(-44). Determine b(u).
-6
Let n(h) be the third derivative of -h**6/120 - 3*h**5/20 + h**4/12 - h**3/6 - 2*h**2 - h + 458. Determine n(-9).
-19
Let g(i) = -i**2 - 11*i - 7. Let k(z) = -z**3 - 2*z**2 + 5*z + 6. Let u be k(-3). Suppose 6*t - 2*t - 2*m = -36, -t + 5*m = u. Determine g(t).
3
Let q(m) = -m**2 + 16*m + 235. Let t be q(-9). Let s(b) be the third derivative of b**4/24 - 7*b**3/3 - b**2. What is s(t)?
-4
Let r be 4*(1 + -2 - 0) - -4. Let g = 3 + r. Let k(u) = -7 - 9 + 0*u + 18 - g*u. Give k(4).
-10
Let n = 209 - 335. Let r = 140 + n. Let t(i) = -4*i + 62. Give t(r).
6
Let t(q) = -6*q - 88 + 42 - 67 + 0. Determine t(-20).
7
Let y(o) = o**3 - 5*o**2 + 2*o + 6. Let q(m) = m**3 - 2*m**2 - 26*m + 60. Let k be q(5). Give y(k).
16
Let i(f) be the second derivative of -f**4/12 - 2*f**3/3 + 3*f**2/2 - 35115*f. Let g(s) = 3*s + 1. Let h be g(1). Suppose -r + 2*r + h = 0. What is i(r)?
3
Let z(n) be the first derivative of -n**2/2 - 3*n + 7. Let t(d) = 2*d**2 + 5*d + 2. Let h be t(0). Let v be 290/(-60) + h/(-12). Determine z(v).
2
Let r(t) = 148229*t**2 - 19 - 11*t - 296460*t**2 + 148230*t**2. What is r(-15)?
-79
Let x(q) = -q**2 - 27*q + 474. Let z be x(-39). Let b be 4/(-12)*(-12)/2. Let g(u) = -3*u**2 + 2*u + 3*u + 2*u**b. Determine g(z).
-6
Let a(v) = -2*v**2 - 3*v + v - 2*v + 2*v + 4*v. Suppose -3*l - 4*y + 12 = -y, -4*y + 23 = -3*l. Determine a(l).
-4
Let n = -91 + 48. Let g = n - -66. Let r(y) = -10*y + g*y - 15*y. What is r(-3)?
6
Let v(a) = -a**2 + 12*a - 1. Suppose j - 7 = 3*r + 4, 37 = 5*j + 3*r. Let u be (-2)/(20/j + -2) + 15. Determine v(u).
10
Let r(i) be the first derivative of -2*i**2 - 3*i - 147. Suppose -4*b + 5*n + 7 = 0, n + 65 = 5*b + 6*n. Let a = 6 - b. Calculate r(a).
5
Suppose -3*o + 15 = 0, -3*v + 8*o = 7*o - 10. Let u(m) = 33*m - 165. Calculate u(v).
0
Let s(i) be the third derivative of 17*i**5/60 + i**4/8 - 8*i**2 + 12. What is s(-2)?
62
Let v(w) be the first derivative of -w**2 + 3*w + 1. Suppose 62*k + 405 = -223*k + 1545. Give v(k).
-5
Let k(d) = -2*d**3 + 7*d**3 - 12*d - 142*d**2 + 138*d**2 - 4. Let p(s) = -11*s**3 + 7*s**2 + 25*s + 8. Let t(u) = 9*k(u) + 4*p(u). Give t(9).
5
Let t be ((-3)/(-5) - 2)/((-27)/(-135)). Let r(w) = w**3 + 6*w**2 - 14*w - 22. Calculate r(t).
27
Let r = 163 - 157. Let t(z) be the second derivative of z**4/6 - z**3/2 + 19*z**2/2 - z. Let x(q) = -q**2 + 2*q - 9. Let w(h) = -4*t(h) - 9*x(h). Give w(r).
5
Suppose 0 = 2*o + 11*o - 52. Suppose 10 = -o*m + 26. Let c(h) = -416*h + 207*h + 9 - m + 207*h. Calculate c(0).
5
Let n(z) = -11*z - 122. Let w(a) = 21*a + 240. Let q(v) = 5*n(v) + 3*w(v). Calculate q(-15).
-10
Let o(b) = 2*b**3 + b**2 - 6*b + 9. Let w(x) = -x**3 - x**2 + 3*x - 5. Let u(f) = 7*f - 65. Let m be u(9). Let s(g) = m*o(g) - 5*w(g). Give s(-5).
-28
Let l(v) = -16*v**2 + 4*v - 3. Let m = -3546 + 3548. Determine l(m).
-59
Let p(f) be the third derivative of f**6/120 + f**5/15 - f**4/6 + f**3/3 + f**2. Let r be 6580/47 - (-12 + 2). Let s be ((-8)/(-40))/(15/r). Determine p(s).
18
Suppose 39*g + 24 = 33*g. Let q(i) = i**2 + 4*i + 8. What is q(g)?
8
Let q(w) = 3*w - 5. Let d be (-1 + -67)*(-8)/80*5. Suppose d*f - 180 = -26*f. Determine q(f).
4
Let m(z) = -2*z**3 + 3*z**2 + 4*z + 3. Let f = -28 - -16. Suppose 0 = 8*p - 626 + 658. Let u be (f/(-8))/(3/p). Calculate m(u).
23
Let r(u) = -u**3 + 12*u**2 - u + 9. Let p = -170 - -167. Let d be ((-96)/(-40))/(p/(-15)). What is r(d)?
-3
Suppose 0 = -2*o - 3*b + 40, -11 = 2*o - 3*o + 3*b. Suppose -3*d + d = -5*i + 37, 2*i - o = 3*d. Let s(h) = -h**2 + 4*h + 10. Give s(i).
-11
Suppose -2*f + 204 = 15*f. Suppose -f*w = -17*w + 35. Let l(g) = -g + 6. Give l(w).
-1
Let d(v) = -9*v - 417*v**2 + 14 - 3*v + 19 - 410*v**2 + 828*v**2. Calculate d(7).
-2
Suppose 6*j = j - 5*a + 10, -3*j - a + 4 = 0. Let i be (-156)/(-26) - 7*j. Let k(w) = 15*w. What is k(i)?
-15
Let a(w) = 21*w**3 - 9*w**2 - 3*w + 15. Let x(f) = 17*f**3 - 9*f**2 - 3*f + 14. Let u(m) = -4*a(m) + 5*x(m). Let l = -34 - -43. Determine u(l).
-17
Suppose 15743 - 7406 + 5617 + 10409 = 2707*d. Suppose 3*c + 3*s = 12, -3*c + 8 = 5*s + 2. Let z(t) = -t + 3 + c + 2. What is z(d)?
3
Let f(v) = -v**3 + 7*v**2 - 4*v. Let q be (170/(-120) + (-5)/(-30))*-4. Give f(q).
30
Let x(b) = 24*b + 67. Let g(m) = -13*m - 34. Let d(f) = 11*g(f) + 6*x(f). What is d(-9)?
19
Suppose 3*h = 4*s + 122, -2*h + 83 = -s + 10. Suppose h*c - 35 = 27*c. Let g(i) = 2 - i**3 - 5*i**2 - 3 + 2*i**3 - 2*i. What is g(c)?
-11
Let f(h) = 8*h**3 + 5*h**2 - 9*h + 8. Let c(z) be the first derivative of 5*z**4/4 + 2*z**3/3 - 5*z**2/2 + 4*z - 81. Let g(y) = -5*c(y) + 3*f(y). Give g(5).
-6
Let y(a) = -a - 12. Suppose 665 = 196*t - 63*t. Determine y(t).
-17
Let d(h) = -8*h**2 - 6*h**2 + 7596*h - 15201*h - h**3 + 7654*h - 10 - 14. Calculate d(-17).
10
Let n(x) = -20*x**3 - 1. Let t(f) = 0*f + f - 25 - 5*f. Suppose 16476*p - 234 = 16515*p. Let o be t(p). Give n(o).
19
Let a = 183 + -199. Let j(r) = -7*r**2 - 11*r + 72. Let i(h) = -15*h**2 - 21*h + 158. Let y(k) = 6*i(k) - 13*j(k). Give y(a).
-4
Let o(n) be the second derivative of -27*n - 1/4*n**4 + 0*n**3 + 1/2*n**2 + 0. Let r(c) = c - 2. Let g be r(0). Give o(g).
-11
Let c(y) = 44*y - 199. Let k(o) = -41*o + 204. Let v(t) = -6*c(t) - 7*k(t). Calculate v(10).
-4
Let r(i) = 15 + 107*i**2 - 52*i**2 - 54*i**2 + 0 + 3*i - 4. What is r(-3)?
11
Let k(m) = m**3 + m - 1. Let a(c) = c**3 + 6*c**2 + 2*c + 5. Let t(u) = u**2 + 17*u + 32. Let y be t(-15). Let f(r) = y*k(r) - a(r). Determine f(6).
-7
Let a(q) be the first derivative of q**4/4 - 2*q**3/3 - 15*q**2/2 + 9*q + 3574. Determine a(6).
63
Let a(z) = -4*z + 8. Suppose 2*s + 43 - 143 = 0. Let u = 55 - s. Let i be a(u). Let l(r) = r + 8. What is l(i)?
-4
Suppose -36 = -4*q - 0*q - 4*k, -5*q + 9 = -k. Let h(l) = -17*l + 50. Determine h(q).
-1
Let v(q) = 7*q + 41. Let x = 2437 - 2454. Calculate v(x).
-78
Let n = 29717 + -29724. Let y(b) = b**2 - 4*b - 65. Determine y(n).
12
Let z(x) be the first derivative of x**4/4 - 7*x**3/3 + 5*x**2/2 + 2*x + 18. Suppose 0 = 116*n - 128*n + 72. Calculate z(n).
-4
Let b(u) be the second derivative of 3*u**3/2 + 33*u**2/2 + 1806*u. What is b(-3)?
6
Let q(l) = 39*l - 2*l**2 + 26*l - 11*l + 485 - 289 - 215. What is q(27)?
-19
Suppose 4*w = 3*g - 796, w - 791 = -9*g + 6*g. Let j = 280 - g. Let y(q) = -q**2 + 16*q - 1. Calculate y(j).
-1
Let v(p) be the first derivative of p**3/3 - 11*p**2 + 2*p + 186. Let c(i) = i**2 - 20*i + 3. Let k(s) = 4*c(s) - 3*v(s). Determine k(15).
21
Suppose 0 = d + 3*v - 0 + 8 - 1, -v = 0. Let q(t) = 2*t + 3. Determine q(d).
-11
Let p be (-1)/((-40)/10 + 22/6). Let m(q) be the third derivative of 0 + 1/8*q**4 + 0*q + 1/6*q**p - 14*q**2. What is m(-2)?
-5
Let r(i) = i - 59. Let n = -358 + 341. Let u(v) = 3*v - 172. Let c(z) = n*r(z) + 6*u(z). Calculate c(9).
-20
Let h = -71 + 86. Let v(s) = -2 + h*s**3 + 2*s - 15*s**3 - 6*s + 3*s**2 - 2*s + s**3. Calculate v(-4).
6
Let j(a) = -3*a**2 - 6*a